{"id":262,"date":"2023-04-14T08:29:07","date_gmt":"2023-04-14T12:29:07","guid":{"rendered":"https:\/\/creeyouthprotectioncommission.ca\/?page_id=262"},"modified":"2023-09-06T07:17:42","modified_gmt":"2023-09-06T11:17:42","slug":"cbhssjb-employees","status":"publish","type":"page","link":"https:\/\/www.creeyouthprotectioncommission.ca\/fr\/how-to-participate\/cbhssjb-employees\/","title":{"rendered":"Personnel du CCSSSBJ"},"content":{"rendered":"<h2 class=\"wp-block-heading\">Processus de consultation<\/h2>\n\n\n\n<p class=\"has-medium-font-size\">Nous utiliserons diff\u00e9rents moyens de consultation pour diff\u00e9rents groupes d'employ\u00e9s du CCSSSBJ.<\/p>\n\n\n\n<ul>\n<li class=\"has-medium-font-size\">Groupes de discussion<\/li>\n\n\n\n<li class=\"has-medium-font-size\">Entretiens individuels\/collectifs<\/li>\n\n\n\n<li class=\"has-medium-font-size\">Pr\u00e9sentation des m\u00e9moires&nbsp;<\/li>\n<\/ul>\n\n\n\n<h3 class=\"wp-block-heading\">Groupes de discussion<\/h3>\n\n\n\n<p class=\"has-medium-font-size\">R\u00e9union de courte\/moyenne dur\u00e9e avec le personnel de premi\u00e8re ligne (2 heures) dans chaque communaut\u00e9<\/p>\n\n\n\n<p class=\"has-medium-font-size\">Les participants sont invit\u00e9s \u00e0\u00a0:<\/p>\n\n\n\n<ul>\n<li class=\"has-medium-font-size\">r\u00e9pondre aux questions relatives \u00e0 leur r\u00f4le d\u2019employ\u00e9s du CCSSSBJ qui seront pos\u00e9es par les commissaires;<\/li>\n\n\n\n<li class=\"has-medium-font-size\">aborder des points\/enjeux non couverts par les questions des commissaires, pourvu qu\u2019ils soient li\u00e9s \u00e0 des enjeux professionnels et respectent les lignes directrices \u00e0 l\u2019intention des participants;<\/li>\n\n\n\n<li class=\"has-medium-font-size\">formuler des commentaires\/recommandations.<\/li>\n<\/ul>\n\n\n\n<h3 class=\"wp-block-heading\">Entretiens individuels\/collectifs\u200b<\/h3>\n\n\n\n<p class=\"has-medium-font-size\">R\u00e9unions individuelles ou tr\u00e8s restreintes avec les gestionnaires du CCSSSBJ\u200b<\/p>\n\n\n\n<ul>\n<li class=\"has-medium-font-size\">Deux types\u00a0: \n<ul>\n<li class=\"has-medium-font-size\">\u00c0 l\u2019\u00e9chelle r\u00e9gionale (gestionnaires sup\u00e9rieurs)<\/li>\n\n\n\n<li class=\"has-medium-font-size\">\u00e0 l\u2019\u00e9chelle locale pour recueillir les points de vue de la communaut\u00e9.\u200b<\/li>\n<\/ul>\n<\/li>\n\n\n\n<li class=\"has-medium-font-size\">M\u00eames attentes pour les participants (r\u00e9pondre aux questions, soulever des probl\u00e8mes, partager des commentaires et des recommandations) avec une perspective plus globale, en fonction de leur r\u00f4le.<\/li>\n<\/ul>\n\n\n\n<h3 class=\"wp-block-heading\">Pr\u00e9sentation des m\u00e9moires<\/h3>\n\n\n\n<ul>\n<li class=\"has-medium-font-size\">Document \u00e9crit, sans limite de longueur ou de format, pr\u00e9par\u00e9 par les directeurs du CCSSSBJ, en consultation avec leur \u00e9quipe imm\u00e9diate.\u200b<\/li>\n\n\n\n<li class=\"has-medium-font-size\">Les m\u00e9moires sont g\u00e9n\u00e9ralement accompagn\u00e9s d\u2019une pr\u00e9sentation orale.\u200b<\/li>\n<\/ul>\n\n\n\n<div class=\"wp-block-buttons is-content-justification-center is-layout-flex wp-container-core-buttons-layout-1 wp-block-buttons-is-layout-flex\">\n<div class=\"wp-block-button\"><a class=\"wp-block-button__link has-background has-text-align-center wp-element-button\" href=\"https:\/\/www.creeyouthprotectioncommission.com\/events\/category\/employee-consultation\/\" style=\"background-color:#2d1c4a\">Consulter le calendrier<\/a><\/div>\n<\/div>","protected":false},"excerpt":{"rendered":"<p>This is excerpt of CBHSSJB Employees<\/p>","protected":false},"author":5,"featured_media":452,"parent":219,"menu_order":0,"comment_status":"closed","ping_status":"closed","template":"","meta":{"footnotes":""},"_links":{"self":[{"href":"https:\/\/www.creeyouthprotectioncommission.ca\/fr\/wp-json\/wp\/v2\/pages\/262"}],"collection":[{"href":"https:\/\/www.creeyouthprotectioncommission.ca\/fr\/wp-json\/wp\/v2\/pages"}],"about":[{"href":"https:\/\/www.creeyouthprotectioncommission.ca\/fr\/wp-json\/wp\/v2\/types\/page"}],"author":[{"embeddable":true,"href":"https:\/\/www.creeyouthprotectioncommission.ca\/fr\/wp-json\/wp\/v2\/users\/5"}],"replies":[{"embeddable":true,"href":"https:\/\/www.creeyouthprotectioncommission.ca\/fr\/wp-json\/wp\/v2\/comments?post=262"}],"version-history":[{"count":9,"href":"https:\/\/www.creeyouthprotectioncommission.ca\/fr\/wp-json\/wp\/v2\/pages\/262\/revisions"}],"predecessor-version":[{"id":943,"href":"https:\/\/www.creeyouthprotectioncommission.ca\/fr\/wp-json\/wp\/v2\/pages\/262\/revisions\/943"}],"up":[{"embeddable":true,"href":"https:\/\/www.creeyouthprotectioncommission.ca\/fr\/wp-json\/wp\/v2\/pages\/219"}],"wp:featuredmedia":[{"embeddable":true,"href":"https:\/\/www.creeyouthprotectioncommission.ca\/fr\/wp-json\/wp\/v2\/media\/452"}],"wp:attachment":[{"href":"https:\/\/www.creeyouthprotectioncommission.ca\/fr\/wp-json\/wp\/v2\/media?parent=262"}],"curies":[{"name":"wp","href":"https:\/\/api.w.org\/{rel}","templated":true}]}}

<h2 class="wp-block-heading">Processus de consultation</h2>



<p class="has-medium-font-size">Nous utiliserons différents moyens de consultation pour différents groupes d'employés du CCSSSBJ.</p>



<ul>
<li class="has-medium-font-size">Groupes de discussion</li>



<li class="has-medium-font-size">Entretiens individuels/collectifs</li>



<li class="has-medium-font-size">Présentation des mémoires&nbsp;</li>
</ul>



<h3 class="wp-block-heading">Groupes de discussion</h3>



<p class="has-medium-font-size">Réunion de courte/moyenne durée avec le personnel de première ligne (2 heures) dans chaque communauté</p>



<p class="has-medium-font-size">Les participants sont invités à :</p>



<ul>
<li class="has-medium-font-size">répondre aux questions relatives à leur rôle d’employés du CCSSSBJ qui seront posées par les commissaires;</li>



<li class="has-medium-font-size">aborder des points/enjeux non couverts par les questions des commissaires, pourvu qu’ils soient liés à des enjeux professionnels et respectent les lignes directrices à l’intention des participants;</li>



<li class="has-medium-font-size">formuler des commentaires/recommandations.</li>
</ul>



<h3 class="wp-block-heading">Entretiens individuels/collectifs​</h3>



<p class="has-medium-font-size">Réunions individuelles ou très restreintes avec les gestionnaires du CCSSSBJ​</p>



<ul>
<li class="has-medium-font-size">Deux types : 
<ul>
<li class="has-medium-font-size">À l’échelle régionale (gestionnaires supérieurs)</li>



<li class="has-medium-font-size">à l’échelle locale pour recueillir les points de vue de la communauté.​</li>
</ul>
</li>



<li class="has-medium-font-size">Mêmes attentes pour les participants (répondre aux questions, soulever des problèmes, partager des commentaires et des recommandations) avec une perspective plus globale, en fonction de leur rôle.</li>
</ul>



<h3 class="wp-block-heading">Présentation des mémoires</h3>



<ul>
<li class="has-medium-font-size">Document écrit, sans limite de longueur ou de format, préparé par les directeurs du CCSSSBJ, en consultation avec leur équipe immédiate.​</li>



<li class="has-medium-font-size">Les mémoires sont généralement accompagnés d’une présentation orale.​</li>
</ul>



<div class="wp-block-buttons is-content-justification-center is-layout-flex wp-container-core-buttons-layout-1 wp-block-buttons-is-layout-flex">
<div class="wp-block-button"><a class="wp-block-button__link has-background has-text-align-center wp-element-button" href="https://www.creeyouthprotectioncommission.com/events/category/employee-consultation/" style="background-color:#2d1c4a">Consulter le calendrier</a></div>
</div>
